 + -2312333232100?
-2312333232032
In base 6, what is 112225 - -525?
113154
In base 2, what is 110 - -100110001110110011100001?
100110001110110011100111
In base 15, what is d2e - 374?
9aa
In base 4, what is 10131 - -211020102?
211030233
In base 16, what is 2005f7 + -101?
2004f6
In base 13, what is -6a7 - 6c22?
-75c9
In base 14, what is b74 - a8ad?
-9b39
In base 3, what is 0 + 1200012200222111?
1200012200222111
In base 16, what is 3 + 100533?
100536
In base 14, what is -134 + 17611?
174bb
In base 10, what is 318 + 62657?
62975
In base 16, what is 0 - 8c7421?
-8c7421
In base 3, what is 2110202 + 12002210?
21120112
In base 7, what is 112 - -46311612?
46312024
In base 10, what is -9 + 103035771?
103035762
In base 16, what is 4a + -10e83?
-10e39
In base 10, what is -26 - 654515?
-654541
In base 8, what is 117 - 110776?
-110657
In base 14, what is -69 + -19526?
-19591
In base 7, what is 2511133542 - 1?
2511133541
In base 13, what is -1a0b93 - 3b?
-1a0c01
In base 10, what is 1 - 636683?
-636682
In base 6, what is -1150101143 - 4?
-1150101151
In base 13, what is 68 + 8b3a2?
8b43a
In base 10, what is 167 + 5596?
5763
In base 14, what is -9 - 8506072?
-850607b
In base 14, what is -2452 - 515?
-2967
In base 10, what is 274151636 - -4?
274151640
In base 6, what is -10053120 + -214?
-10053334
In base 15, what is 2 - -3801d1?
3801d3
In base 7, what is -344035 - -45?
-343660
In base 7, what is 0 + -24166334?
-24166334
In base 3, what is -120212 - 1102200120221?
-1102201011210
In base 12, what is -99363a + -12?
-993650
In base 16, what is 2bd9126 + -1?
2bd9125
In base 4, what is 303203 + 3013223?
3323032
In base 8, what is 1366 + 13227?
14615
In base 2, what is -101110101011 - 1100010011?
-111010111110
In base 12, what is -5 + -4791b12?
-4791b17
In base 13, what is -15534c + -12?
-155361
In base 4, what is -2 - -121302331310?
121302331302
In base 2, what is -11111101011010100 + -111110101?
-11111110011001001
In base 8, what is -262 - -413603?
413321
In base 12, what is 145 - -1054a?
10693
In base 5, what is 3431004011 - -3?
3431004014
In base 2, what is -10101100010000101 - 10111?
-10101100010011100
In base 11, what is -44678 + -547?
-45114
In base 14, what is -bd - -45c1b6?
45c0d7
In base 4, what is -113 + -110231110?
-110231223
In base 14, what is -357a02 + 0?
-357a02
In base 6, what is 123024442 + -45?
123024353
In base 11, what is -23aa5339 - 1?
-23aa533a
In base 16, what is -15f - b132?
-b291
In base 11, what is 6228a6 - -6?
622901
In base 9, what is -3 - 1041400?
-1041403
In base 15, what is -78 + -12557?
-125d0
In base 9, what is -4 + 437481?
437476
In base 4, what is 1 + -1110123313222?
-1110123313221
In base 3, what is -102202220201 - 2122?
-102210000100
In base 8, what is -1155631710 - -3?
-1155631705
In base 15, what is -4 + d44e97?
d44e93
In base 5, what is -12 + -1032241121?
-1032241133
In base 3, what is 10 + -10221211222002212?
-10221211222002202
In base 10, what is 1677 + 410109?
411786
In base 10, what is 2786199 + -3?
2786196
In base 2, what is -10000100011011011001110 - -111001?
-10000100011011010010101
In base 13, what is b8 + 56382?
5646a
In base 8, what is -43 - -7543010?
7542745
In base 7, what is -32065 - -10043?
-22022
In base 10, what is -1441172 - 84?
-1441256
In base 13, what is -26baa + 15ba?
-255c0
In base 14, what is -ca9 + 21d2?
1327
In base 3, what is -1 + -111011101120000000?
-111011101120000001
In base 15, what is -5 - 440cd4?
-440cd9
In base 6, what is -345445 + 1025?
-344420
In base 14, what is -2554 + 16d65?
14811
In base 8, what is 4205035 - -23?
4205060
In base 12, what is 60ab2 - 187?
60927
In base 14, what is -4 + -106d3?
-106d7
In base 10, what is 193 + 476675?
476868
In base 16, what is -1ccc - -1f0?
-1adc
In base 15, what is 4be0 - -1895?
6585
In base 14, what is 5a - 1414a?
-140d0
In base 16, what is -2c72 + b2?
-2bc0
In base 6, what is -11 - -324523333?
324523322
In base 8, what is -50136254 - -2?
-50136252
In base 4, what is -330 + -1132210100121?
-1132210101111
In base 2, what is 11 + 111011111011100011011011?
111011111011100011011110
In base 14, what is -5 + 29a647a?
29a6475
In base 16, what is 2d3d9 - 74?
2d365
In base 13, what is 5 + 9693b8a?
9693b92
In base 7, what is 3010 - 54360?
-51350
In base 14, what is 8 + 45cd4?
45cdc
In base 11, what is -52 + -3a186?
-3a228
In base 13, what is -10a + 31790?
31683
In base 15, what is -21977 + 576?
-21401
In base 11, what is -21 - 40128?
-40149
In base 15, what is 8a0c - 73b?
82c1
In base 4, what is 33200210123 + 100?
33200210223
In base 7, what is 3024 - 2026?
665
In base 14, what is 1354b6 + 6?
1354bc
In base 10, what is 167542933 + 2?
167542935
In base 7, what is -3 + -14463564?
-14463600
In base 14, what is 2592 + 437?
29c9
In base 14, what is -1578a687 - -7?
-1578a680
In base 2, what is -110111001010000010000 + 1111010?
-110111001001110010110
In base 15, what is -6 - -2cd5e6d?
2cd5e67
In base 8, what is 0 + 21165161?
21165161
In base 6, what is -5 - -5222213214?
5222213205
In base 6, what is 53444543425 + 0?
53444543425
In base 13, what is 1c - -26a3c?
26a5b
In base 2, what is 1 + -100110001101110100100010?
-100110001101110100100001
In base 14, what is 6170d - 16?
616d7
In base 8, what is 6370 - -36467?
45057
In base 15, what is 9 - -15205c3?
15205cc
In base 13, what is -3a1792 - -6?
-3a1789
In base 6, what is 215511104 + -13?
215511051
In base 3, what is -1200 - -2022212011210?
2022212010010
In base 3, what is -20200200211 + -10001?
-20200210212
In base 11, what is 9926 + -648?
9289
In base 16, what is -93 + 3dc03d?
3dbfaa
In base 9, what is -581313 - 0?
-581313
In base 15, what is -326 + -5a566?
-5a88c
In base 14, what is ad5 - -38d2?
45c7
In base 9, what is 7358135 + -10?
7358125
In base 10, what is 94 - 16776?
-16682
In base 7, what is -10324150 + -2510?
-10326660
In base 13, what is 4ac8 + b5a?
5955
In base 4, what is 110210212 - 20?
110210132
In base 15, what is -596939 + -10?
-596949
In base 13, what is c5415 + 0?
c5415
In base 4, what is -110231 - -1023310?
313013
In base 15, what is -2b46 - 158?
-2c9e
In base 14, what is -15147 + -16?
-1515d
In base 4, what is 2023030 - -2311102?
11000132
In base 10, what is -2 + 5492201?
5492199
In base 10, what is 465290 + 11?
465301
In base 9, what is 1 + -4638286?
-4638285
In base 11, what is 73391 - 1a?
73372
In base 6, what is 452502153 + -23?
452502130
In base 11, what is 286 - -181157?
181432
In base 2, what is -1010010111101 + -11010010100?
-1101101010001
In base 9, what is -11286 - -26127?
14731
In base 12, what is -1 + -139299b?
-13929a0
In base 13, what is -2a2a7a40 + 5?
-2a2a7a38
In base 6, what is 250524 + -341?
250143
In base 3, what is 11 - -12111021112010112?
12111021112010200
In base 8, what is 74616546 - 4?
74616542
In base 6, what is -121 + 45034544?
45034423
In base 10, what is 7 + 226959?
226966
In base 4, what is -1011331 - 3222011?
-10300002
In base 4, what is 13220 + 3233212?
3313032
In base 9, what is 7178 + -13385?
-5206
In base 15, what is 388e5 + 80?
38975
In base 8, what is -6410 - -57572?
51162
In base 8, what is 1 - 102472140?
-102472137
In base 7, what is -1105 + 34162?
33054
In base 7, what is 12134056 + 132?
12134221
In base 14, what is 2 + 8b52956?
8b52958
In base 4, what is -20122 - 21033130?
-21113312
In base 12, what is -2 + -5abba38?
-5abba3a
In base 15, what is 338 + 88?
3c1
In base 7, what is -606304 + 4316?
-601655
In base 15, what is 9b0 - 8c89?
-82c9
In base 6, what is -3444022 - -251?
-3443331
In base 16, what is -4 + -229926?
-22992a
In base 12, what is -209 + -1a93?
-20a0
In base 7, what is 4 - -1004124653?
1004124660
In base 10, what is 154725 - 583?
154142
In base 12, what is 1 + 68b682b4?
68b682b5
In base 8, what is -163175 - 5130?
-170325
In base 8, what is 1234043 - 116?
1233725
In base 4, what is -1013101221 + 33?
-1013101122
In base 8, what is 4 + 43130106?
43130112
In base 10, what is -1037477 + 183?
-1037294
In base 7, what is -2 + -204146154?
-204146156
In base 4, what is 3 - 1310132202?
-1310132133
In base 2, what is -100101100111 + 110000011100000?
101011101111001
In base 4, what is -2 - -13302220311?
13302220303
In base 3, what is 211002110200200 - 100?
211002110200100
In base 3, what is -12 + -2200210201110102?
-2200210201110121
In base 6, what is -1130 - 